5
Let l(c) = 2*c**2 - 8*c + 3. Let u(m) = 6*m**2 - 2*m - 2. Let q be u(-1). What is the tens digit of l(q)?
2
Let q = 9 - -12. Suppose -q = -4*b + 55. What is the tens digit of b?
1
Let i(u) = u**2 - 2*u + 3. Suppose 8*g = 4*g - f + 11, 4*g - 4*f - 36 = 0. Let t be 11/g + (-2)/(-8). What is the units digit of i(t)?
6
Suppose -4*t = s - 12, 9 = 3*t + 2*s + 3*s. Let h = -1 + t. Suppose -w - h*a = -3*a - 2, w + 1 = 4*a. What is the units digit of w?
3
Suppose 0 = -5*k + 2*i + 2, -2*k + 0*i - 12 = -4*i. Suppose w - k = 23. What is the units digit of w?
5
Let m be (2 + -5)/(3/(-1)). Suppose u - 3*u + 31 = -3*f, f - m = 0. What is the tens digit of u?
1
What is the tens digit of (-2)/4 - ((-42)/4)/1?
1
Let k be (-4 - -2)*26 - 1. What is the units digit of -2*k*2/4?
3
Let x(f) = -f**2 + 8*f - 2. Let q be x(7). Suppose 3*u - q = 2*u. Suppose u*m - 3*m + 3*s - 22 = 0, 5*m = -5*s + 55. What is the units digit of m?
1
Suppose -102 = -3*s + 9. What is the tens digit of s?
3
Let j be (-18)/5 + (-2)/5. Let f(l) = 4*l**3 - 8*l - 9. Let g(x) = 9*x**3 - x**2 - 17*x - 19. Let w(y) = -7*f(y) + 3*g(y). What is the units digit of w(j)?
2
Let s be (9/(-18))/(2/(-64)). Suppose -2*i + n = 11, 3*n - 26 = 5*i - 0*n. Let k = s + i. What is the units digit of k?
9
Let p be (7 - 2) + -2 + 1. Let m be p/16 + (-25)/4. What is the units digit of 28/6 + (-2)/m?
5
Let c = 1415 + -998. What is the hundreds digit of c?
4
Let g = 14 - 16. Let v(q) = 5*q**2 + 2*q + 2. What is the units digit of v(g)?
8
What is the units digit of 267*(1 + 0)/(2 + -1)?
7
Let a = 5 - 3. Suppose -2*g + 48 = a*g. What is the tens digit of g?
1
Let t(r) = r**3 - 13*r**2 + 13*r + 9. What is the tens digit of t(12)?
2
Suppose -3*p + v + 3*v = 36, 2*p = -2*v - 10. Let t = 1 - p. What is the units digit of t?
9
Let y(p) = -p**2 + 4*p - 3. Let o be y(3). Suppose 5*q + o*q - 155 = 0. What is the units digit of q?
1
Let g(m) = -76*m + 7. What is the tens digit of g(-1)?
8
Let n(v) be the first derivative of 25*v**2/2 - v - 4. What is the units digit of n(1)?
4
Let g(x) = -x**2 + x + 17. Let f be g(0). Suppose 3*j - f = 13. What is the units digit of j?
0
Let c = 8 + -3. Suppose 0 = -2*x - x + 4*z + 14, 0 = -c*x + 5*z + 15. Let n(i) = -2*i**3 - 2*i**2 + 2*i + 1. What is the units digit of n(x)?
5
Let n = 5 - 2. What is the units digit of 2/n - 20/(-6)?
4
Let u be 6*4/(-8) + 5. What is the units digit of 6/u*(9 - 0)?
7
Let d = 119 + -83. Let r = d - 2. What is the tens digit of r?
3
Suppose -5*l + 595 = 105. What is the tens digit of l?
9
Let c(y) = -22*y**2 - 1. Let m be c(1). Let p = m + 49. What is the units digit of p?
6
Suppose -12*i - 556 = -2296. What is the hundreds digit of i?
1
Let g(f) = -4*f - 40. Let a(n) = -3*n - 27. Let i(t) = 8*a(t) - 5*g(t). What is the tens digit of i(-7)?
1
Let c(w) = -7*w**2 + 3*w + 2. Let o(q) = q**2 - q - 1. Let p(g) = -c(g) - 6*o(g). What is the units digit of p(-4)?
8
Let z = 530 + -304. What is the hundreds digit of z?
2
Let h(p) = 2*p**2 - p + 1. Let q be h(1). Suppose -42 = -0*o - 2*o - 4*x, x = -q*o + 27. What is the tens digit of o?
1
What is the units digit of ((-7)/(-3))/((5/6)/5)?
4
Suppose 21 = -4*i - 15. Let d = 19 + i. Suppose -3*k + d = -k. What is the units digit of k?
5
Let s be (-4)/10 - 2568/(-20). What is the tens digit of s/12 - 4/6?
1
Suppose 5*b + g - 75 = -4*g, -3*g = -15. Suppose 0 = -5*u + 25, 5*i - 2*u = u - 175. What is the units digit of (-4)/b - i/5?
6
Let c(i) = -i**2 + 3*i. Let g be c(2). Let y be (2/4)/(4/40). Suppose y*q + 5*f = 65, 0*q - g*f + 35 = 3*q. What is the units digit of q?
9
What is the tens digit of (414/8)/((-3)/(-8))?
3
Let m = -47 - -113. Suppose 4*q = 2*q + m. Suppose q = 4*c - c. What is the units digit of c?
1
Let y(d) = d**2 - 7*d - 4. What is the tens digit of y(-5)?
5
Suppose -p = -3*p. Let h be 8 + (p - 1) + -2. What is the units digit of h + 6 - (-1 - -1)?
1
Let h = -14 + 21. Let q(l) = 2*l**2 - 11*l + 4. What is the units digit of q(h)?
5
Let z = 134 + -62. What is the units digit of z?
2
Let p be (2/2)/(4/12). Suppose 4*q - 3*r - 21 = p*q, -29 = -4*q + r. What is the units digit of q?
6
Let o(n) = 6*n**2 + 14*n - 1. Let g(w) = 5*w**2 + 13*w - 1. Let f(a) = -5*g(a) + 4*o(a). What is the tens digit of f(-7)?
1
Let l(u) = u**3 + 5*u**2 + 4. Let j be l(-5). Let v be 7 - 3*j/6. Let a = v + 5. What is the tens digit of a?
1
Let a be 2/4 + (-6)/12. Suppose a = 5*p - 0*d - d, -2*p - 5*d = 27. Let f = p + 15. What is the tens digit of f?
1
Let j(b) = b**3 + 4*b**2 + b. Suppose 3*g + c = -8, 0 = -3*g + 4*g + 3*c. What is the units digit of j(g)?
6
What is the tens digit of (-488)/(-9) - 6/27?
5
Suppose 135 = 2*v + 3*v. Suppose -6*u + 123 = -v. What is the units digit of u?
5
Let r(g) = -4*g**3 - g**2 - 2*g - 1. Let x be r(-1). Let k be 32/14 + x/(-14). Suppose -k*i + 30 = i. What is the units digit of i?
0
Let z(k) = 5*k + 9. What is the tens digit of z(4)?
2
Let p = 70 - 14. What is the tens digit of p?
5
Suppose -6 - 22 = -o. Let m be (-47)/(-7) - (-8)/o. Suppose -5*b = g - 51 + m, b = 4*g + 13. What is the units digit of b?
9
What is the tens digit of (-1 - -2) + 56 - 0?
5
Let t = 6 + -3. Suppose -t*u + 5 = -1. What is the units digit of u?
2
What is the units digit of -2*96/((-12)/3)?
8
Suppose c - 50 = -2*w, -5*c + 0*w - 2*w = -258. What is the units digit of c?
2
Suppose -4*g + 5*g = 5*p - 32, 3*p - 27 = -2*g. What is the units digit of 4/p*7/2?
2
Let n(x) = 3*x**2 - 10*x - 10. What is the hundreds digit of n(-7)?
2
Let a be 2/(-1) + (-2)/2. Let t(w) = w**2 + 4*w - 7. Let x be t(-6). Let k = a + x. What is the units digit of k?
2
Let o = 7 - 1. Let q be ((-52)/(-6))/(1/o). Suppose 0 = 5*z - q + 7. What is the units digit of z?
9
Suppose 5*w + 485 = 2*g, 798 = 5*g - 4*w - 389. What is the units digit of g?
5
Let x(k) = k**3 - k**2 - 5*k + 4. What is the units digit of x(4)?
2
Let d(x) = -15*x - 6. What is the tens digit of d(-10)?
4
Suppose 3*b = -5*j - 58, 2*b + 0*j - 2*j = -12. Let h = 1 - b. What is the tens digit of h?
1
Suppose 0 = -4*x - 3*z + 260, 7*x - 325 = 2*x - 2*z. What is the tens digit of x?
6
Let g(u) = 5*u**2 - u. Let n be (-1 + 0 + 0)*2. What is the units digit of g(n)?
2
Suppose -15 = -5*q - t + 11, -4*q + 24 = 4*t. Suppose 0 = -4*w + q*n + 85, 0 = -3*w + 2*n + 23 + 32. What is the units digit of w?
5
Let v(o) = -o - 2. Let r be v(-4). Suppose 86 = r*a - 5*s, -a + 2*a = 2*s + 42. What is the units digit of a?
8
Suppose 0 = 4*x - 9 - 7. Suppose 0 = -3*h + 5*v + 42, x*v = 2*h - 41 + 11. What is the units digit of h?
9
Let y(g) = 16*g - 20. What is the units digit of y(8)?
8
Suppose -8 - 8 = -2*i - 4*a, -23 = -3*i - 5*a. What is the units digit of (44/i*-3)/(-2)?
1
What is the units digit of 24 + -1 + 5 + 1?
9
Let l(d) = -d**3 - 2*d**2 + 3*d. Let y be l(-3). Suppose y = -0*i - 3*i. Suppose -12 + i = -2*n. What is the units digit of n?
6
Let b be (-6)/(-8) - 136/(-32). Let c(q) = 7*q**2 - 14*q + 4. Let u(n) = 4*n**2 - 7*n + 2. Let y(h) = -3*c(h) + 5*u(h). What is the units digit of y(b)?
8
Suppose -4 = -7*v + 2*v + 3*d, -8 = -5*v + d. Suppose 21 = n + 3*h + 3, 4*h = v*n - 66. What is the tens digit of n?
2
Suppose 3*a = -87 + 393. What is the units digit of a?
2
Suppose 0*l = l - 5*v - 11, -3*l + 14 = 4*v. Suppose -3*i + a = -l, 2*i - a - 4*a + 9 = 0. What is the units digit of i?
3
Suppose -2*u = 2*l + 8, -4*u - 3*l = -l + 20. Let h = u - -11. What is the units digit of h?
5
Let f = -6 + 12. Suppose 2*w + 0 - f = 0. What is the units digit of w?
3
Let m = 33 - 71. Let q = -27 - m. What is the units digit of q?
1
Let q = 139 - 34. What is the tens digit of q?
0
What is the units digit of ((-55)/22)/(1/(-10))?
5
Suppose -2*l + 5*l - 15 = 0. Suppose -w + 26 = 2*z - 37, -5*w = l. What is the tens digit of z?
3
Let w be 0 + -2 + 3 - -3. Suppose -w*h + h = 18. What is the units digit of h/12*22*-1?
1
Let r(s) = 19*s**3 + s. Suppose -4 = 4*f - 8*f. What is the tens digit of r(f)?
2
Let f(a) = 9*a**3 + 1. Let c be f(-1). Let z be (c/(-5) + -2)*5. What is the units digit of z/6*-3*1?
1
Let x(i) be the third derivative of -i**6/120 + 3*i**5/20 + i**3 - 2*i**2. Let b be x(9). Let k = 11 - b. What is the units digit of k?
5
Let m(w) = w - 4. Let c be m(6). Suppose c - 1 = p. What is the units digit of ((-39)/9)/(p